9/203). Suppose u*o - 2337 = w*b, 414 = -2*o + 2*b + 1350. Is o a composite number?
False
Suppose -4*h - 4 = -8. Is (636 - (h - -4))/(2/2) composite?
False
Let g(v) = 1250*v + 599. Is g(64) prime?
True
Suppose 0 = c - 4. Suppose -5*o + 5*g + 3094 = g, -3*o + c*g = -1850. Is o a composite number?
True
Let u(j) = -31*j - 1. Let k(f) = -f + 1 + 32*f + f. Let s(w) = -4*k(w) - 3*u(w). Is s(-2) a composite number?
True
Let b be 1/((-4)/6 - (-8976)/13472). Let q = b - -4705. Is q a prime number?
True
Suppose 9*u + 1235 = -4*u. Let c = u - -113. Suppose c*l = 23*l - 4595. Is l a prime number?
True
Let w = -39 - -46. Let o be 1 + -2 + (-7 - -4) + w. Suppose -317 = -o*y + 316. Is y composite?
False
Suppose 5*t - 2*t = -d + 1, 5*d = -4*t - 17. Suppose -x + t*k = -2765 - 1558, 8 = 4*k. Is x a composite number?
False
Is (-3172908)/(-84) - 8/2 - (-24)/84 a composite number?
True
Let p = 2 - -4. Let r(i) = 1407*i - 89. Is r(p) a prime number?
True
Suppose 56396 = 5*z + b, -3*z - 3*b + 25044 = -8808. Is z a prime number?
False
Let t be 2 - (6 - 65/5). Is (11 - t)*1/(2/4181) prime?
False
Is ((-159166)/(-98))/(((-2)/21)/((-8)/12)) prime?
True
Let w be (-4)/(-18) - 40079/9. Let j = 9300 + w. Is j a composite number?
True
Suppose 15*c - 24*c + 18 = 0. Suppose 0 = -a + 2*u + 1136 - 264, 3*u = -4*a + 3521. Suppose -2*q - 4*i + a + 1256 = 0, c*i = 6. Is q composite?
False
Suppose x - 26752 = -10*x. Let s = -1269 + x. Is s prime?
True
Let m(y) = -34*y**2 + 65*y - 201. Let d(k) = -12*k**2 + 22*k - 67. Let r(t) = 8*d(t) - 3*m(t). Is r(-18) a composite number?
True
Let s(m) = 41280*m - 13821*m + 3 - 13908*m - 2 - 13823*m. Let g be ((-3)/(-1) - -2)*-1. Is s(g) composite?
False
Suppose 41*z + 275231 = 172*z. Is z a composite number?
True
Let w = 10 + -5. Suppose w = -2*r + 7*r. Is 682 + (r*3 - 36/6) a composite number?
True
Suppose 0 = 707*q - 728*q + 1141287. Is q a prime number?
True
Let o(k) = -2 + 2 - 5*k**2 + 7*k**2 + 66*k**3 + 3 - 10*k + 6. Is o(1) a prime number?
True
Suppose -1 = 3*a + z + 6, 0 = -5*a - 4*z. Let y = -146 + a. Let u = -91 - y. Is u a composite number?
False
Suppose 9 = 20*m - 17*m. Let o be m/((-3)/3143)*-1. Suppose 5*f - o = -2*f. Is f a composite number?
False
Suppose 0 = 7*p - 101 - 32. Let m = p + -15. Let k(v) = 66*v**2 - 7*v + 11. Is k(m) a prime number?
True
Let t = 5128 + -3290. Let w = t + -1169. Is w a composite number?
True
Suppose 4*z - 2*z = w - 75, -z - 77 = -w. Suppose -5*c - w = -389. Let a = c + -24. Is a composite?
True
Is 0 + 10/2 + 8 + 287584 composite?
False
Suppose -13*a + 9249 = 40852. Let z = -1184 - a. Is z a prime number?
False
Let l(c) = -343*c + 409. Let b = 672 - 678. Is l(b) a composite number?
False
Let a(o) = 2022*o**3 - 5*o**2 - 11*o + 9. Let u(f) = 1011*f**3 - 3*f**2 - 6*f + 5. Let v(z) = 4*a(z) - 7*u(z). Let m be v(1). Is (0 + -1)*(2 - m) composite?
False
Let c(k) = 287*k**2 + 25*k + 31. Is c(7) prime?
False
Let y(r) = 3*r**2 + 31*r - 10. Let f be y(-21). Suppose -2*g + f = -3*p, 2*p - 5*p + 4*g = 664. Is (-2 - -1)*(p - 3) prime?
True
Let x(v) = 4*v**3 + v**3 - 17*v + 7*v**3 + 15 - 6*v**3 - 18*v**2. Is x(8) composite?
True
Suppose 0 = -f - 5*b + 1415296, -592*f + 7076408 = -587*f + b. Is f a composite number?
True
Let l be 3 + 4/(-3)*207/2. Let m = l + -8. Let w = 108 - m. Is w prime?
True
Let c(s) = -35*s**3 - 6*s**2 + 6*s - 2. Let p be c(4). Let g = -4057 - p. Let u = g - -2830. Is u a composite number?
False
Let l = 29 + -18. Suppose 4*z + j + l - 32 = 0, 0 = -4*z + 3*j + 17. Suppose -z*y = -2*y - k - 554, -736 = -4*y + 4*k. Is y prime?
False
Suppose -5*l - 19 - 3 = -p, -3*l + 180 = 4*p. Suppose 64 + p = s. Suppose 6*k - 8*k + s = 0. Is k composite?
False
Let v(w) = -w**3 + 5*w**2 + 2*w - 6. Let k be v(5). Suppose -k*h + 9*h - 15 = 0. Suppose -h*c + 248 = 5*c. Is c a prime number?
True
Let t = 226021 - -34650. Is t a prime number?
True
Suppose -2*r = -2*b + 1125154, -13*r = b - 9*r - 562577. Is b composite?
False
Suppose -2034636 = 316*c - 328*c. Is c a composite number?
False
Let i(h) = 45*h + 5. Let j be 2/3*(-6 + 0). Let g be 7*(40/j)/(-5). Is i(g) prime?
False
Let t = -97 + 93. Let o(u) = -94*u - 35. Is o(t) composite?
True
Let f = -728665 - -1693196. Is f prime?
True
Let v = 193513 - 90870. Is v composite?
False
Let d = -73 - -117. Let n be (29 - 3)/2*d. Suppose 2*t - 6*t = -2*i - 2338, -t = -3*i - n. Is t a composite number?
False
Suppose -2*b + 4 = -b, -5*q = -2*b - 52. Suppose 55*k - q = 51*k. Suppose -2*n + 404 = 2*z, k*n = z + 7*n - 199. Is z prime?
False
Let t be 0 + -10335 - 132/33. Let l = 426 - t. Is l a composite number?
True
Suppose 207*p = 206*p - m + 490966, 4*m = -2*p + 981938. Is p prime?
False
Let l = -31366 - -75033. Suppose -36*s = -23*s - l. Is s a composite number?
False
Let o be (-2)/(-4)*(48/6 + 0). Suppose -4*s + 909 + 1087 = o*j, 5*j + s - 2495 = 0. Is j a prime number?
True
Let s = 201 + -202. Is (2/3 - s)/(198/2302938) a composite number?
True
Suppose -4 = -5*j + 41. Suppose 0 = j*i + 1311 - 8097. Suppose 2*u = -0*u + i. Is u composite?
True
Let r(j) = 54*j**2 + 388*j - 4947. Is r(13) prime?
False
Suppose 5*p - 281 = -7*x + 5*x, 4*p = -x + 136. Let s = 3 - 1. Suppose 4*z + 3*r - x = 3*z, -s*z + 317 = -r. Is z a composite number?
False
Suppose n = o - 147, -5*o - 2*n + 711 = n. Let d be 27/(-27) - 2*-1 - 0. Is -1 - (d - o/4) a composite number?
True
Let z(v) = 3987*v - 2926. Is z(41) prime?
True
Let y(w) = 218*w + 3. Suppose -14*c + 1 = -13*c. Is y(c) a prime number?
False
Suppose 2*q + 3*b + 32 = -152, -85 = q - 2*b. Let s = q - -97. Let z(y) = 7*y - 23. Is z(s) composite?
True
Is (3 + -7)*(-5 + (-301395)/20) a prime number?
False
Let q(z) = 214 + 170 - 72*z - 397. Suppose 0 = -2*d - 4*o - 0*o + 6, 4*d = 4*o - 36. Is q(d) a prime number?
True
Let x = -22 - -27. Suppose -x*a - 12 = -8*a. Suppose 796 = 2*r + 2*r + a*o, -o = -4*r + 811. Is r a composite number?
True
Let n = -282024 + 730265. Is n prime?
True
Suppose 4*h = 684 + 2400. Suppose 866 = x - h. Is x a composite number?
False
Let i be (-9)/(-18) - 7/(-2). Let l be (-1)/(-5) + 12/15 + i. Suppose -835 = -l*f + 1450. Is f a composite number?
False
Let a = -118 + 233. Suppose -a*m + 114*m + 199 = 0. Is m a prime number?
True
Suppose 4*d - 4*w = 119240, -1358*w + 1359*w + 119219 = 4*d. Is d a composite number?
False
Suppose -3*l + 45 = 3*m - 3, 5*m + 3*l - 78 = 0. Let z(o) be the first derivative of -o**4/4 + 7*o**3 - 13*o**2/2 - 4*o - 6219. Is z(m) composite?
False
Suppose -77*t + 72*t = -410615. Is t prime?
False
Suppose -3*z = 5*y + 282, 0 = -3*z - y - 0*y - 294. Is (-8)/36 + (-192973)/z composite?
False
Let x = 75 + 43. Suppose 0*b = -2*b - x. Let h = b + 105. Is h a composite number?
True
Suppose 3*o - 5*o + 13 = -3*j, 37 = 2*o + 5*j. Suppose -f = 6 - o. Suppose -5*w = 2*g - 4771 - 3432, -4*w + f*g + 6536 = 0. Is w prime?
False
Let l(m) = 246*m**2 - 7*m + 165. Is l(16) a prime number?
True
Let i = 315 - 313. Suppose -n - 4*s + 2175 = 0, 0 = 3*n + i*s - 279 - 6286. Is n prime?
False
Is 965194/30 + (-10)/75 prime?
True
Let r be ((-59480)/(-120))/(2/(-6)). Let k = -718 - r. Is k a composite number?
False
Suppose -50*g = -54*g + 8. Suppose -v + 534 = -8*r + 11*r, -3*r + 543 = -g*v. Let a = r - -402. Is a a prime number?
False
Let t(u) = 3*u**3 + 3*u**2 - 7*u - 2. Let y(i) = i. Let h(r) = -t(r) - 5*y(r). Let a be h(-5). Let n = a + 61. Is n prime?
True
Let w(v) = -11*v**3 + 7*v - 1. Let s(l) = -l**3 + l**2. Let j(c) = -s(c) - w(c). Let d be j(6). Suppose -d = -67*u + 62*u. Is u a prime number?
True
Suppose -6*z = -7*z + 6448. Let l = z + -2026. Suppose 12*d - 6*d = l. Is d a prime number?
False
Let c(t) = 100*t**2 + 187*t + 89. Is c(44) prime?
False
Let k = 87 - 86. Let m(s) = 883*s**2 - 2*s + 3. Let p be m(k). Let a = p + -473. Is a prime?
False
Is (-1)/(-6*(-5)/(-20)*14/1542093) a composite number?
False
Let x = -372090 - -1562879. Is x a prime number?
True
Suppose 4*m - 257278 = u, -63254 = -4*m - u + 194012. Is m prime?
False
Suppose -26*l + 373780 = -885166. Is l composite?
True
Is 22263 + -1 - (-11 + 12) prime?
False
Suppose 3*f = -2*i + 62588, 16*f = -2*i + 15*f + 62600. Is i composite?
True
Let n(r) = r**3 - 4*r**2 - 10*r - 10. Suppose 3*x = u - 0*x, 3*u + x = 20. Let o be n(u). Is (-4)/8*(-1 + -388)*o composite?
Fal